 by d?
10
Suppose -1724 + 654 = -5*a. Let m = 127 - 115. Suppose m*q = 7*q + 180. Calculate the remainder when a is divided by q.
34
Suppose -2*w + n = 21 + 7, -4*w - 56 = -n. Suppose 38*l + 1266 = 126. Calculate the remainder when 26 is divided by l/70 + (-62)/w.
2
Suppose 254*d - 249*d = 50. Suppose d*u = 16*u - 102. What is the remainder when u is divided by 10?
7
Let u(r) be the first derivative of r**4/4 - r**3/3 - r**2/2 + 7*r - 1. Suppose 19*i - 1085 = -16*i. What is the remainder when i is divided by u(0)?
3
Suppose -67*r + 73*r = 66. Let y(p) = 2*p + 14. What is the remainder when (1/(-2))/(r/(-44)) is divided by y(-6)?
0
Suppose 0 = 2*i - 3*i + 296. Let j = i - 99. Suppose -459*f - 440 = -470*f. What is the remainder when j is divided by f?
37
Let v = 15016 + -14342. What is the remainder when v is divided by 17?
11
Let u(z) = -2*z - 24. Let v be u(-12). Suppose -3*c + 69 = -v*c. Calculate the remainder when 108 is divided by c.
16
Let f(p) = 204*p + 1730. Calculate the remainder when f(-7) is divided by 38.
36
Let l(d) be the first derivative of 7 + 2*d**2 + 4/3*d**3 + 0*d. What is the remainder when l(3) is divided by 10?
8
Let y = -546 + 551. Suppose 5*u - 34 = 46. Suppose -2*x - 3*h = -y - 17, x - h - u = 0. What is the remainder when 40 is divided by x?
12
Suppose 5*w - 402 = 2*w + 3*l, 403 = 3*w - 2*l. Calculate the remainder when w is divided by (-7)/((-28)/(-30))*8/(-6).
5
Calculate the remainder when ((-147)/(-63)*-18)/(2/(-18)) is divided by 137.
104
Let v = 14901 + -12801. Calculate the remainder when v is divided by 264.
252
Let u = -285 - -290. Suppose 0 = u*j + 3*q - 30, 2 = -q - 3. Suppose 0 = t + 2*k - 25 - 10, 0 = -4*t + 4*k + 104. What is the remainder when t is divided by j?
2
Let h(o) be the third derivative of o**6/120 + 7*o**5/60 + o**4/8 - 54*o**2. Suppose -g = 3*g - 492. What is the remainder when g is divided by h(-6)?
15
Let t = -269 - -277. Suppose 0*x + t*x - 144 = 0. Calculate the remainder when 177 is divided by x.
15
Suppose 13*g = 12*g - 2*j + 14, -56 = -4*g - 2*j. Calculate the remainder when 485 is divided by g.
9
Suppose 4*d - 508 = -2*l, 386 + 90 = 4*d - 2*l. What is the remainder when 372 is divided by d?
3
Suppose -3*o = 6*a - 10104, -106*o + 110*o - 3344 = -2*a. Calculate the remainder when a is divided by 17.
5
Suppose 8 = 3*d - 1, -2*l + 4*d - 12 = 0. Let p(t) = l + 14*t**3 + 1 + t**2 - 2*t + 1. Calculate the remainder when p(2) is divided by 29.
27
Let l = 1329 - 1239. Calculate the remainder when 444 is divided by l.
84
Let l = -9228 + 21129. What is the remainder when l is divided by 192?
189
Let u(i) = 111*i**2 + 218*i - 35. Calculate the remainder when u(-5) is divided by 8.
2
Suppose -47*g = -356 + 27. Suppose 53 + 9 = 2*o. Calculate the remainder when o is divided by g.
3
Suppose -23*r = 34*r + 198*r - 14025. What is the remainder when 383 is divided by r?
53
Let j = -190 + 194. Suppose 0 = -3*l - 5 + 8, -3*l = j*w - 47. What is the remainder when 38 is divided by w?
5
Suppose 0 = 5*z - z - 456. Suppose 5*r + 6 = 3*j + 2*r, 2*r - 6 = 0. Suppose 2*f - 21 = j. What is the remainder when z is divided by f?
10
Calculate the remainder when 5854 is divided by ((-357)/(-12) - -1) + 25/20.
30
Let t = 4398 - 4313. What is the remainder when 506 is divided by t?
81
Suppose 32 = 2*h - 3*s, -s - 34 = -3*h - 0*h. Suppose 17*j - 7*j = h. Let d = j - -21. Calculate the remainder when 42 is divided by d.
20
Calculate the remainder when 244 is divided by 6 + -14 + 22 + 5.
16
Let p(l) = 3*l**2 + 1. Let z(b) = -b**3 - 10*b**2 + 30*b + 210. Calculate the remainder when p(-1) is divided by z(-11).
0
What is the remainder when (((-1025696)/84)/76)/(5/(-3) - -1) is divided by 236?
5
Let x = 2 + 9. Suppose -8*k = -x*k + 1368. Suppose 3*g = k + 129. Calculate the remainder when g is divided by 49.
48
Let g = -353 + 74. Let h = 299 + g. What is the remainder when 138 is divided by h?
18
Suppose 575 = a + 3*z, -z = -4*a - 0*z + 2261. Let d = 587 - a. What is the remainder when d is divided by 12?
9
Let f = -6648 - -6759. Calculate the remainder when 771 is divided by f.
105
Let j = 250 - 248. Suppose 4*r + 88 = j*v, r - 57 - 141 = -5*v. What is the remainder when 116 is divided by v?
36
Suppose -28*a + 37*a - 1827 = 0. Suppose 0 = -3*r + z + a, 5*z + 256 = r + 3*r. What is the remainder when 189 is divided by r?
51
Let w be 12/(-16)*-8 - 2. Suppose w*f = 8, 6*g - 4*g - 300 = f. Calculate the remainder when g is divided by 13.
8
Calculate the remainder when 156 is divided by (-37 + 40)*(32/3 - -1).
16
Let i(x) = x**3 - 23*x**2 - 23*x - 33. Let k be i(24). Let n = k + 30. What is the remainder when 250 is divided by n?
19
Let o(p) = -2*p**2 + 124*p - 74. What is the remainder when 191 is divided by o(61)?
47
Let s = 5391 - 5353. Calculate the remainder when 1290 is divided by s.
36
Let a = -4 + 10. Let k(z) = -2*z**2 + 6*z + 83. Let l be k(-13). Let n = l - -348. What is the remainder when n is divided by a?
3
Calculate the remainder when 880 is divided by 24 - (-19 - -16 - 190).
12
Let b(a) = -a**3 - 22*a**2 + 18*a + 31. Calculate the remainder when 325 is divided by b(-23).
33
Let b be (6 - (9 + -3))/(-1*2). Suppose 0 = -4*y + 3*z + 93 + 70, b = 4*y + 2*z - 158. Let x = 24 - 18. Calculate the remainder when y is divided by x.
4
Suppose 0 + 63 = 3*f - 5*u, 2*f - 42 = 3*u. What is the remainder when 27 is divided by f?
6
Suppose 131*d + 45067 = 372*d. What is the remainder when 308 is divided by d?
121
Suppose 0 = -6*j - 25 - 47. Calculate the remainder when 130 is divided by 5/160*j + (-315)/(-8).
13
Let m(q) = -30*q - 387. What is the remainder when m(-22) is divided by 25?
23
Let p = -659 + 1120. What is the remainder when p is divided by 33?
32
Suppose -1876 = -3*x - 4*v, x = 88*v - 89*v + 624. Suppose -74 = -4*l + 34. What is the remainder when x is divided by l?
26
Suppose -5*i + 65 = -x, -2*i + 110*x + 19 = 111*x. Calculate the remainder when 307/2 + (-1)/(-2) is divided by i.
10
Let h = -4569 + 4769. Let d = -131 - -199. Calculate the remainder when h is divided by d.
64
Let u be (46/(-6))/(4/12). Calculate the remainder when 12/((-96)/(-392)) - -6 is divided by u/(-3) + (-2)/(-6).
7
What is the remainder when (-118696)/(-333) - (4/(-9))/(-1) is divided by 53?
38
Suppose 0 = 2*d + 4*a - 934, 0*a = 3*d + 2*a - 1389. Suppose d = 41*h + 51. What is the remainder when 109 is divided by h?
9
Calculate the remainder when 12 - (-709 - (22 + -12)) is divided by 108.
83
Suppose 0 = 392*x - 64*x - 56000 - 7960. What is the remainder when x is divided by 17?
8
Let w(f) = -109*f + 30. Let h be w(3). Let c = -268 - h. What is the remainder when 434 is divided by c?
28
Suppose 6*h + 2*s - 17220 = -h, 5*s = 3*h - 7339. What is the remainder when h is divided by 22?
16
Let o = -131 - -131. Suppose o = 11*a + a - 816. Let s(b) = -5*b - 6. Calculate the remainder when a is divided by s(-6).
20
Let x = 237 + -407. Let t be 3/(2/10 + x/100). Let a(s) = -7*s**3 - s**2 - 6*s - 10. Calculate the remainder when a(t) is divided by 19.
16
Let l be (0 - (5 + -8)) + 1 - -51. Suppose -40*v = -45*v + l. Calculate the remainder when (-190)/(-6) + (-2)/(-6) is divided by v.
10
Suppose -3*t - 3*t = 42. Let c(u) = 5*u**2 + 27*u + 6. What is the remainder when c(t) is divided by 13?
10
Let r(h) = 16*h**3 - 3*h**2 - 6*h - 13. Calculate the remainder when r(3) is divided by 359.
15
Suppose 4*b = -4*a - 452, -10 = -0*b - 5*b. Let q = a - -184. Suppose -l = 2*r - 41, -2*l - 5*r + q = -9. Calculate the remainder when l is divided by 25.
24
Suppose 46*d - 44*d = -6. Let y be 2 + (-1*1)/(d/(-15)). What is the remainder when ((45/(-6))/y)/(2/36) is divided by 24?
21
Suppose 84 = 72*g - 68*g. Calculate the remainder when 669 is divided by g.
18
Suppose 0 = 6*t + 5*t + 17987 - 120375. Calculate the remainder when t is divided by 95.
93
Suppose 0 = -2*k - 4*b + 6256, -5*k + 2*b - 7257 + 22933 = 0. Calculate the remainder when k is divided by 95.
94
Let k(s) = 26*s**3 + 4*s**2 + 5*s - 71. Calculate the remainder when 1403 is divided by k(3).
39
Let m be (-2)/(0 - 6/15). Let w be m - 4 - -65*1. Suppose 0*p = -6*p + w. What is the remainder when 98 is divided by p?
10
Suppose -4*m - 11*m + 1223 = -862. What is the remainder when 249 is divided by m?
